{"id":76,"date":"2013-03-10T15:29:54","date_gmt":"2013-03-10T15:29:54","guid":{"rendered":"http:\/\/www.suvag.hr\/ssj\/?page_id=76"},"modified":"2026-02-02T10:17:16","modified_gmt":"2026-02-02T10:17:16","slug":"nastava-u-osnovnim-skolama","status":"publish","type":"page","link":"http:\/\/www.suvag.hr\/ssj\/nastava-u-osnovnim-skolama\/","title":{"rendered":"Nastava u osnovnim \u0161kolama"},"content":{"rendered":"<h3><span style=\"color: #0000ff;\"><b>Dragi roditelji,<br \/>uklju\u010dite i Vi svoje dijete <\/b><b><span style=\"color: #ff0000;\">u programe u\u010denja stranih<\/span> jezika<br \/><\/b><b>u \u0161kolskoj godini\u00a0 2025.\/2026.!<\/b><\/span><\/h3>\n<p><strong>JEZICI:<\/strong><\/p>\n<p><strong><span style=\"color: #ff0000;\">engleski<\/span>, <span style=\"color: #0000ff;\">njema\u010dki<\/span>, <span style=\"color: #339966;\">talijanski<\/span>, <span style=\"color: #ff6600;\">\u0161panjolski<\/span> i <span style=\"color: #0000ff;\">francuski<\/span><\/strong><\/p>\n<p><strong><u>DOB DJECE:<\/u><\/strong><\/p>\n<ul>\n<li><strong>za u\u010denike od 1. \u2013 4. razreda osnovne \u0161kole<\/strong><\/li>\n<li><strong>mogu\u0107nost organiziranja te\u010dajeva i za djecu od 5. \u2013 8.<\/strong><strong> razreda\u00a0 osnovne \u0161kole <\/strong><\/li>\n<\/ul>\n<p><strong><u>MJESTO ODR\u017dAVANJA\u00a0 NASTAVE:<\/u><\/strong><\/p>\n<ul>\n<li><strong>O\u0160 Dobri\u0161e Cesari\u0107a<\/strong>, K. \u0160. \u0110alskog 29<\/li>\n<li><strong>O\u0160 Jabukovac<\/strong>, Jabukovac 30<\/li>\n<li><strong>O\u0160 Pantov\u010dak<\/strong>, Hercegova\u010dka 108<\/li>\n<li><strong>O\u0160 Rapska<\/strong>, Rapska ul. 3<\/li>\n<li><strong>O\u0160 Augusta \u0160enoe<\/strong>, Selska cesta 95<\/li>\n<li><strong>O\u0160 Davorina Trstenjaka<\/strong>, Kr\u010dka 3 i Savska 77<\/li>\n<li><strong>O\u0160 Tina Ujevi\u0107a, <\/strong>Kotura\u0161ka 75<\/li>\n<li><strong>O\u0160 Vladimira Nazora<\/strong>, Jordanovac 23<\/li>\n<li><strong>O\u0160 Grigora Viteza<\/strong>, Kruge 46<\/li>\n<li><strong>O\u0160 Gustava Krkleca<\/strong>, Ul. B. Magovca 103<\/li>\n<li><strong>O\u0160 \u0160estine<\/strong>, Podrebernica 13<\/li>\n<li><strong>O\u0160 Cvjetno naselje<\/strong>, Cvjetna cesta 17<\/li>\n<li><strong>O\u0160 Odra<\/strong>, \u0110a\u010dka ul. 5<\/li>\n<\/ul>\n<p><a href=\"http:\/\/www.suvag.hr\/ssj\/school-admission2025\/\"><img loading=\"lazy\" class=\"aligncenter wp-image-1319 size-full\" src=\"http:\/\/www.suvag.hr\/ssj\/wp-content\/uploads\/School-Admission2025.png\" alt=\"\" width=\"940\" height=\"788\" \/><\/a><\/p>\n<p>\u00a0<\/p>\n<p class=\"has-text-align-center\"><strong>UPISI I PRIJAVE:<\/strong><\/p>\n<p class=\"has-text-align-center\"><strong>Online upisi i prijave za ljetni semestar \u0161k. god. 2025.\/2026.<\/strong><\/p>\n<p class=\"has-text-align-center\"><strong>od 2. do 22. 2. 2026. putem <a href=\"https:\/\/www.stranijezici-suvag.com\/online-upisi\/\">web-obrasca<\/a><\/strong><\/p>\n<p class=\"has-text-align-center\"><strong>Sve informacije, prijave i predbilje\u017ebe:<\/strong><\/p>\n<p class=\"has-text-align-center\"><strong>tel: 4629 661, 4629 614; mob.: 091 4110 353<\/strong><\/p>\n<p class=\"has-text-align-center\"><strong>mail: <\/strong><a href=\"mailto:ssj@suvag.hr\"><strong>ssj@suvag.hr<\/strong><\/a><\/p>\n<p class=\"has-text-align-center\"><strong>web: <a href=\"https:\/\/www.suvag.hr\">www.suvag.hr<\/a>; <a href=\"https:\/\/www.stranijezici-suvag.com\">www.stranijezici-suvag.com<\/a><\/strong><\/p>\n<p style=\"text-align: center;\">\u00a0<\/p>\n\n\n<div class=\"wp-block-image\"><figure class=\"aligncenter size-large\"><img src=\"http:\/\/www.suvag.hr\/ssj\/wp-content\/uploads\/ljetni_Upisi_SSJ_.png\" alt=\"\" class=\"wp-image-1170\"><figcaption style=\"text-align:center\"><a href=\"https:\/\/www.stranijezici-suvag.com\/online-upisi\/\">web obrazac za upise<\/a><\/figcaption><\/figure><\/div>\n","protected":false},"excerpt":{"rendered":"<p>Dragi roditelji,uklju\u010dite i Vi svoje dijete u programe u\u010denja stranih jezikau \u0161kolskoj godini\u00a0 2025.\/2026.! JEZICI: engleski, njema\u010dki, talijanski, \u0161panjolski i francuski DOB DJECE: za u\u010denike od 1. \u2013 4. razreda osnovne \u0161kole mogu\u0107nost organiziranja te\u010dajeva i za djecu od 5. \u2013 8. razreda\u00a0 osnovne \u0161kole MJESTO ODR\u017dAVANJA\u00a0 NASTAVE: O\u0160 Dobri\u0161e &hellip; <a href=\"http:\/\/www.suvag.hr\/ssj\/nastava-u-osnovnim-skolama\/\">Continue reading <span class=\"meta-nav\">&rarr;<\/span><\/a><\/p>\n","protected":false},"author":1,"featured_media":0,"parent":0,"menu_order":0,"comment_status":"closed","ping_status":"closed","template":"","meta":[],"_links":{"self":[{"href":"http:\/\/www.suvag.hr\/ssj\/wp-json\/wp\/v2\/pages\/76"}],"collection":[{"href":"http:\/\/www.suvag.hr\/ssj\/wp-json\/wp\/v2\/pages"}],"about":[{"href":"http:\/\/www.suvag.hr\/ssj\/wp-json\/wp\/v2\/types\/page"}],"author":[{"embeddable":true,"href":"http:\/\/www.suvag.hr\/ssj\/wp-json\/wp\/v2\/users\/1"}],"replies":[{"embeddable":true,"href":"http:\/\/www.suvag.hr\/ssj\/wp-json\/wp\/v2\/comments?post=76"}],"version-history":[{"count":90,"href":"http:\/\/www.suvag.hr\/ssj\/wp-json\/wp\/v2\/pages\/76\/revisions"}],"predecessor-version":[{"id":1336,"href":"http:\/\/www.suvag.hr\/ssj\/wp-json\/wp\/v2\/pages\/76\/revisions\/1336"}],"wp:attachment":[{"href":"http:\/\/www.suvag.hr\/ssj\/wp-json\/wp\/v2\/media?parent=76"}],"curies":[{"name":"wp","href":"https:\/\/api.w.org\/{rel}","templated":true}]}}